r when 7818576 is divided by 3935.
3666
What is the remainder when 100723338 is divided by 310?
308
What is the remainder when 5734339 is divided by 1284?
1279
What is the remainder when 2165131 is divided by 644?
3
Calculate the remainder when 338657 is divided by 67724.
37
What is the remainder when 457246433 is divided by 1960?
1953
What is the remainder when 16929 is divided by 1539?
0
Calculate the remainder when 72783 is divided by 3564.
1503
What is the remainder when 9568539 is divided by 21?
15
What is the remainder when 4217531 is divided by 945?
941
Calculate the remainder when 3739262 is divided by 194.
106
Calculate the remainder when 822355 is divided by 1085.
1010
Calculate the remainder when 218041 is divided by 72657.
70
What is the remainder when 732022 is divided by 365729?
564
Calculate the remainder when 166577 is divided by 3084.
41
What is the remainder when 78013955 is divided by 20?
15
Calculate the remainder when 7427679 is divided by 5.
4
Calculate the remainder when 42200 is divided by 4220.
0
What is the remainder when 17471047 is divided by 495?
22
What is the remainder when 8963916 is divided by 105?
66
What is the remainder when 2029930 is divided by 4521?
1
Calculate the remainder when 1487169418 is divided by 6260.
6258
Calculate the remainder when 341391 is divided by 34135.
41
Calculate the remainder when 2120320 is divided by 111593.
53
Calculate the remainder when 35790574 is divided by 81.
76
What is the remainder when 264662 is divided by 132317?
28
What is the remainder when 27660189 is divided by 25?
14
Calculate the remainder when 19466 is divided by 1070.
206
What is the remainder when 711953999 is divided by 888?
887
Calculate the remainder when 850728 is divided by 170144.
8
What is the remainder when 66656 is divided by 35?
16
What is the remainder when 2291952 is divided by 229195?
2
Calculate the remainder when 26333 is divided by 1878.
41
What is the remainder when 9307715 is divided by 1824?
1667
What is the remainder when 1434262 is divided by 4?
2
Calculate the remainder when 171245 is divided by 27859.
4091
Calculate the remainder when 994930489 is divided by 951.
946
Calculate the remainder when 1258267 is divided by 3294.
3253
What is the remainder when 326660177 is divided by 308?
305
Calculate the remainder when 30450132 is divided by 7612526.
28
What is the remainder when 6779712 is divided by 2306?
72
What is the remainder when 45313 is divided by 2180?
1713
Calculate the remainder when 1402615 is divided by 63.
46
Calculate the remainder when 13719 is divided by 13184.
535
What is the remainder when 110192 is divided by 36644?
260
What is the remainder when 21217334 is divided by 1248077?
25
What is the remainder when 109493 is divided by 6947?
5288
Calculate the remainder when 2671604 is divided by 2780.
24
What is the remainder when 3062486 is divided by 930?
926
What is the remainder when 74836843 is divided by 57171?
4
What is the remainder when 35197386 is divided by 175?
161
Calculate the remainder when 1152021 is divided by 9142.
129
What is the remainder when 11294856 is divided by 3764943?
27
What is the remainder when 7370520 is divided by 65?
40
What is the remainder when 256989 is divided by 19707?
798
Calculate the remainder when 305195 is divided by 10507.
492
What is the remainder when 283307 is divided by 31351?
1148
Calculate the remainder when 5365108 is divided by 95805.
28
What is the remainder when 1538943 is divided by 32061?
15
What is the remainder when 33429197 is divided by 3039017?
10
What is the remainder when 179733 is divided by 179722?
11
What is the remainder when 13342 is divided by 13021?
321
What is the remainder when 99762 is divided by 7686?
7530
What is the remainder when 701347 is divided by 817?
361
What is the remainder when 222743077 is divided by 9835?
9832
Calculate the remainder when 279660 is divided by 17150.
5260
What is the remainder when 2018923 is divided by 15?
13
What is the remainder when 231811524 is divided by 12?
0
Calculate the remainder when 411619949 is divided by 175.
174
What is the remainder when 1684437 is divided by 79?
78
What is the remainder when 56114 is divided by 53235?
2879
Calculate the remainder when 7692808 is divided by 52.
32
Calculate the remainder when 121938 is divided by 40437.
627
What is the remainder when 4377598 is divided by 398?
394
What is the remainder when 121238 is divided by 115?
28
What is the remainder when 12867174 is divided by 1736?
1678
Calculate the remainder when 187224 is divided by 200.
24
What is the remainder when 2289886 is divided by 1144936?
14
What is the remainder when 202452 is divided by 2323?
351
What is the remainder when 280244 is divided by 35028?
20
What is the remainder when 15024924 is divided by 1656?
36
Calculate the remainder when 6153725 is divided by 23398.
51
What is the remainder when 243944 is divided by 11917?
5604
What is the remainder when 427115488 is divided by 11?
8
Calculate the remainder when 151877765 is divided by 7.
4
Calculate the remainder when 20181313 is divided by 2748.
1
What is the remainder when 8492248 is divided by 120?
88
What is the remainder when 15993395 is divided by 1453945?
0
What is the remainder when 19727 is divided by 13845?
5882
Calculate the remainder when 168247 is divided by 8368.
887
What is the remainder when 27936285 is divided by 1274?
13
Calculate the remainder when 18382294 is divided by 212.
198
Calculate the remainder when 795194 is divided by 113432.
1170
What is the remainder when 640163 is divided by 45?
38
Calculate the remainder when 6266136 is divided by 139.
16
What is the remainder when 90746175 is divided by 161470?
35
Calculate the remainder when 7743283 is divided by 15.
13
Calculate the remainder when 4110989 is divided by 3318.
3305
Calculate the remainder when 336754 is divided by 968.
858
Calculate the remainder when 345108 is divided by 7673.
7496
What is the remainder when 19914901 is divided by 363?
358
What is the remainder when 6933511 is divided by 3466753?
5
What is the remainder when 1006442 is divided by 2461?
2354
Calculate the remainder when 1071791718 is divided by 99.
96
Calculate the remainder when 3707359 is divided by 94.
93
Calculate the remainder when 2530897 is divided by 159.
94
What is the remainder when 3499104 is divided by 381?
0
What is the remainder when 29845030 is divided by 226?
148
What is the remainder when 4269853 is divided by 83?
1
What is the remainder when 756587 is divided by 32850?
1037
Calculate the remainder when 18431 is divided by 17002.
1429
What is the remainder when 1433723 is divided by 3639?
3596
Calculate the remainder when 330230 is divided by 66011.
175
What is the remainder when 258389 is divided by 13085?
9774
What is the remainder when 173718 is divided by 1181?
111
Calculate the remainder when 47374978 is divided by 30.
28
Calculate the remainder when 223983 is divided by 12443.
9
Calculate the remainder when 558472 is divided by 247.
5
Calculate the remainder when 4189230 is divided by 1396379.
93
What is the remainder when 4708810 is divided by 37?
5
Calculate the remainder when 9982827 is divided by 438.
369
Calculate the remainder when 40301966 is divided by 1060576.
78
Calculate the remainder when 61667 is divided by 77.
67
What is the remainder when 134088 is divided by 16740?
168
Calculate the remainder when 174792367 is divided by 25.
17
What is the remainder when 27678017 is divided by 13838995?
27
What is the remainder when 78769 is divided by 39331?
107
What is the remainder when 52485 is divided by 420?
405
What is the remainder when 22097671 is divided by 7365888?
7
What is the remainder when 1218961 is divided by 5079?
1
Calculate the remainder when 1657007 is divided by 3496.
3399
Calculate the remainder when 964667 is divided by 19.
18
Calculate the remainder when 108164 is divided by 10.
4
Calculate the remainder when 26734 is divided by 189.
85
Calculate the remainder when 26861 is divided by 98.
9
Calculate the remainder when 7292681 is divided by 168.
137
What is the remainder when 5547806 is divided by 16?
14
Calculate the remainder when 6676627 is divided by 136257.
34
Calculate the remainder when 17848109 is divided by 24